 -16) + 18?
18
What is the value of 6 + (-6 - -1) + -7?
-6
What is (1 + -14 - -20) + -16?
-9
What is 1 + 14 + -27 + (1 - -1)?
-10
1048 + -1054 + 12 + -1
5
Calculate 10 - (-3 + -1 + 21).
-7
Calculate 1 - 8 - ((-18 - -17) + 3).
-9
-1 - 18 - ((56 - 75) + 16)
-16
Calculate 5 + (16 - 5) + -25 + -1.
-10
What is 9 - (-1 + -2 + (5 - 11))?
18
Calculate (3 - -8) + -152 + 172 + -19.
12
What is 6 - (-10 + 15) - (3 + (4 - 3))?
-3
Evaluate -6 + 3 + -8 + 6 + 2 + -2.
-5
What is the value of -17 + 26 - (0 + (-2 - 3))?
14
-13 + 15 + 14 - 22
-6
Evaluate (11 - (41 - 10)) + (50 - 31).
-1
What is the value of -23 + ((1 - -4) + 2 - -2)?
-14
What is (22 - -4) + -149 + 99?
-24
-1 - (57 + (-75 - -39))
-22
What is (1 + -2 - -7) + 8 + 3 + -16?
1
Evaluate 3 - 13 - (-12 - -9) - -24.
17
What is 19 - (15 + -8 - (1 - (-3 - -6)))?
10
(1 - 1 - 11) + -906 + 912
-5
What is the value of (-87 - -88) + (0 - (1 - -1) - 4)?
-5
What is the value of 1 - (3 - 1) - 1 - (-81 + 98)?
-19
What is the value of 0 + -10 + 2 + 0?
-8
What is 12 - (-5 + 6 + 10)?
1
What is the value of -28 - (9 + -3) - -35?
1
-509 + 538 + (1 - 56)
-26
What is the value of -4 - (1 - (5 - (-5 - -9)))?
-4
Evaluate 1 + (-1 + 0 + -3 - (430 - 423)).
-10
Calculate 4 + (-8 - 10) - 13.
-27
What is 14 + (16 - 30) + 0 + (-1 - 5)?
-6
Calculate 22 + (-2 - (-11 - -21)) + -1.
9
What is the value of -36 - (-24 + 60 + -48)?
-24
Calculate 1 + (-6 - -4 - 5 - (0 - 7)).
1
What is the value of (0 - -12) + -14 - (-11 + -2 + 0)?
11
-3 - 18 - ((-13 - -4) + -6 + 13)
-19
4 + (6 - (18 - 1)) + (7 - 2)
-2
Calculate -13 - (6 + -43 + 10 + -8).
22
Calculate -25 + 0 + 3 + (52 - 39).
-9
What is the value of 2 + 1 + -13 + 8?
-2
Calculate 28 + 2 + -16 - 16 - (5 - 1).
-6
What is -11 + (2 + 6 - (34 - 27))?
-10
What is the value of 6 - (3 + (59 - 43 - (2 + -3)))?
-14
What is the value of 23 + -29 + -1 + (0 - -18)?
11
0 - 0 - (90 - 95)
5
What is the value of -62 - (-39 - 7) - (-20 + -1)?
5
5 + (-2 - (12 + -9))
0
8 + -1 - (30 - 31) - -17
25
What is -23 - (-10 + -6) - -26?
19
Evaluate (-4 - 2) + (-2 - (-4 - 1)) + 10.
7
What is the value of 9 - (7 + -6 + -32)?
40
5 + -3 + (-10 - (-3 + -10))
5
-4 + 0 + (7 + 0 - 0) - -3
6
Calculate 37 - 40 - (-6 - (-4 - (5 + -16))).
10
Evaluate 16 + (-49 - (-44 + 25)).
-14
What is the value of (-4 - (-4 - ((-7 - -5) + -1))) + 2?
-1
What is the value of (1 - (0 + 2 - 2)) + (-775 - -778)?
4
Evaluate 4 + 39 + -25 + -24.
-6
(2 - (-1 - -8)) + -3 + (-11 - -6)
-13
What is 1 - -4 - (-1 - (8 - (-10 + -1)))?
25
(35 - 32) + -6 + -2 + 19
14
Evaluate 10 + (-6 - (-3 - -3)).
4
8 - (12 + (-10 - (2 + -4)))
4
Calculate (-10 - -1) + -16 + 30 + (3 - -6).
14
What is (65 + -72 - (1 + (1 - 0))) + 22?
13
What is the value of (17 - ((-7 - -20) + -4)) + 4?
12
What is -371 + 383 + 20 + -1?
31
What is (19 - 20) + (-5 + 0 - -6)?
0
What is the value of (10 - 4) + (-16 + -4 - (-20 + 4))?
2
What is -9 + (-9 - (-11 - (0 - 15)))?
-22
9 - ((-3 - 2) + -3 + 2 - -38)
-23
(13 - (4 - -15)) + 5
-1
2 + -8 - (38 + (1 - (-8 + 22)))
-31
56 + -51 + -1 + -16
-12
-19 - -27 - (-12 + 6)
14
What is 1 + (-2 - -3 - 2) - (70 - 64)?
-6
What is (0 - -2) + -13 + 8 + 9 + -26?
-20
Evaluate 1374 - 1345 - (-1 + 31).
-1
What is the value of 3 + (1 - 4) + (1 - (-5 - -9))?
-3
What is (-2 + 17 - 8 - 8) + 4?
3
Calculate 9 - 18 - -7 - (-2 - -17).
-17
Calculate 9 - (8 - (-9 + 7 + 9) - 17).
25
Evaluate 40 + -59 - (1 - 2 - 4).
-14
What is the value of 12 + -1 + (-5 - (-16 + 8 - -11))?
3
Calculate 11 - (14 + -3) - 3.
-3
What is 24 + (-9 + 18 - 12)?
21
Calculate (6 - -1) + (6 - 2) + 3 + -7.
7
What is -5 + -1 + -1960 + 1993?
27
What is 25 + -30 + 3 + 0 - (41 - 47)?
4
Calculate -9 - (5 - 7 - -14).
-21
Calculate -10 - -3 - 11 - (3 + 6 - 2).
-25
Calculate -8 + 10 + 4 - (2 - 4).
8
Calculate 0 + -1 + -2 + 1 + (29 - 27).
0
Evaluate 6 + 3 + 0 + (13 - (23 - 6)).
5
What is the value of -2 + 10 + -4 + 6 + -4 + -3?
3
What is 3 + -3 + -2 - (-1 + 1 - -5)?
-7
Evaluate 3699 - 3748 - (-43 + 0).
-6
What is 5 + (-9 - -1 - (1 + -7))?
3
Evaluate (-4 - -6) + -7 + 10 - 30.
-25
(15 - 2) + (-1 - 16)
-4
What is the value of 2 + 5 + (-7 - -3 - (2 + -6))?
7
What is the value of 6 + (0 - -1) - (52 - (5 - -41))?
1
-16 + 1 + 0 + 20 + -22 + -4
-21
What is the value of 8 + -15 - -7 - (-12 + 10)?
2
Calculate 206 + -214 - (21 - 3).
-26
Evaluate ((6 - (7 - 8)) + -3 - -2) + 3.
9
What is 7 - (-2 + 5 - (0 - (6 + -6)))?
4
What is ((3 - -7) + 8 - 4) + -45?
-31
What is -1 + -4 + 14 - (8 - (29 - 9))?
21
Calculate (0 - 0) + -14 - (-235 + 203).
18
Evaluate 4 - 1 - -4 - (10 + (27 - 31)).
1
Evaluate 25 + -25 + (-24 - 1) + 4 + 2.
-19
Calculate 0 + (-9 - -19 - 1).
9
Calculate 3 + (1 - (17 - 5)).
-8
-21 - (-22 + -11 + 8)
4
Calculate -10 - (63 + -72 + (5 - -4)).
-10
What is the value of 2 + -4 + 1 + (11 - 32 - -28)?
6
What is the value of 36 + -49 - (-1 - -10)?
-22
Evaluate -2 + 3 + -5 + 2 + 3 + 0.
1
Calculate (2 - -3) + (6 + -17 - 3).
-9
What is 4 - ((-28 - -12) + 8)?
12
(6 - -9) + 8 + -23
0
What is 52 - (-41 - (5 + -84))?
14
Evaluate (-126 - -107) + (3 + 7 - (-3 - -4)).
-10
What is (55 - 59) + -6 + -5?
-15
Evaluate (10 - (6 - -7)) + 2 + 0 + -2.
-3
What is (-1 - 1) + (-24 - (-44 + 16)) + -25?
-23
What is the value of -4 + 9 + -21 + 12 + 2?
-2
What is (-14 - -27) + (5 - (-4 + 12)) + 3?
13
(7 + 2 - (46 + -32)) + 7
2
Calculate (-45 - -13) + 17 + -8.
-23
-1 - -21 - (-7 - (-2 - (17 - 7)))
15
What is the value of -9 + 8 + 7 + -8 - (-11 - -16)?
-7
Evaluate (9 - 13) + 2 + (-6 - -6 - -17).
15
What is 0 + -2 + 0 - (-5 - (-11 + 19))?
11
What is the value of -12 - (-5 + -23 - (-8 + 13))?
21
What is the value of -12 + 2 - (727 - 718)?
-19
Calculate 11 - (-1 + -5 + 2).
15
What is -8 + (26 - (-1 - (-17 + 6)))?
8
What is (2 - 42) + (-4 - -21)?
-23
What is 209 + -224 - (-19 - (-1 + -2))?
1
-10 + 67 + (-28 - 8)
21
Calculate -3 + 7 + 5 + -4 - 7.
-2
Evaluate -4 - ((-1 - (14 + -10)) + (6 - 4)).
-1
Evaluate (-19 - -8) + 10 + (-8 - 1 - -1).
-9
Evaluate (13 - (15 + 9)) + -1.
-12
Evaluate -16 + 2 - (-81 + 75).
-8
What is 23 + (22 - 20) + (0 - 0 - 0)?
25
-3 - (9 - (-6 + 4 - -3 - -1))
-10
Calculate 4 - -1 - (-32 + -5 + 43).
-1
What is the value of 2 + 2 + (24 - 29)?
-1
Evaluate (10 + 7 + -28 - -15) + -8.
-4
Evaluate -8 + -2 + 0 + 8 - -11.
9
What is 11 - (-11 - (-15 + -5)) - 7?
-5
14 + -27 + -21 + 23
-11
Calculate 4 - (15 + 1 - 3).
-9
Calculate 2 + 11 + 15 + 22 + -22.
28
16 + 10 + 5 + -18 - 18
-5
Calculate -6 - ((-1 - -10) + -24).
9
What is 1 + 7 - (5 - 0 - 13)?
16
Calculate 17 + 10 + -18 + -27.
-18
What is the value of -2 + (-38 + 19 - -35)?
14
What is the value of -14 + (-14 - -8) - (7 - 6)?
-21
Evaluate -4 - (-2 - 10) - (-10 - -23).
-5
What is 2 + (-9 - -13) + -7 + 17?
16
What is the value of (-7 - 0 - (-32 - -29)) + (-16 - -4)?
-16
Evaluate 0 + (2 - -14) + -10.
6
(-22 - -2) + 34 + (-2 + 2 - 2)
12
Evaluate -38 + 1 - (-864 - -840).
-13
What is the value of (35 - 29) + (2 - 0 - 0) + 1?
9
4 + (-21 - -15) + 6 - -2
6
-4 + -27 + 42 + -28
-17
What is the value of -13 - (-28 - -16) - (0 - -2)?
-3
Calculate 17 - 48 - (-12 - 8).
-11
What is (-14 - 20 - -19) + -19 + 2?
-32
Evaluate -56 + 52 - (1 - (-3 + -1)).
-9
(10 - 6) + (11 - (-5 + 13))
7
What is 0 - 9 - (-53 - -46) - -5?
3
Evaluate -148 - -150 - (2 + -20).
20
Calculate -16 - (-13 - -18 - 34).
13
What is the value of -1 + 9 + -12 + -1 + 1 - -22?
18
(98 - (-15 + 38)) + -42
33
What is the value of -1 + (12 - 13) + 5 + -24?
-21
Calculate 6 - (-4 + (-8 - -8) - -9) - -10.
11
What is -2 + (18 - 7 - -1)?
10
-15 + -3 + 2 + (-20 + -4 - -21)
-19
What is the value of 9 + (13 - (-3 + 37)) + -1 + 10?
-3
Calculate -8 + 6 + 3 + 8 + 0 + -11.
-2
Evaluate -12 - (-70 + 52 + 2 + -33).
37
Evaluate (11 - (-2 - 2 - (-3 + -2))) + 2.
12
What is 19 - (59 + -36 - 0)?
-4
What is the value of (-2 - 10 - -15) + 2 + -7 - -4?
2
Calculate 4 - (-6 + 7 - -7) - (2 - 1).
-5
Calculate 0 + 1 + (1 - (-2 - 4)) + -17.
-9
What is 55 - 75 - (-1 + -13)?
-6
Calculate 10 + (7 - 2 - (-1 - -12) - -6).
10
Evaluate 2 + -14 + 8 + 11 - -6.
13
4 + 3 - (-1 - (3 - 6))
5
1 + -3 + (-4 - -9) + 6 + -14
-5
Evaluate (1 - 0) + 23 - (-21 + 35 + -12).
22
5 + (-12 - (-6 - -12 - (-6 - -19)))
0
Calculate 6 + -9 + (9 - 8) - (-1 + -4).
3
Calculate (11 - (8 - 13)) + -13 + -25.
-22
Calculate (11 - 19) + 5 + (1 + -3 - -6).
1
What is -5 - (-6 - (2 - 9 - (13 - 6)))?
-13
What is the value of -38 - -